{"id":610,"date":"2016-03-07T03:10:46","date_gmt":"2016-03-07T03:10:46","guid":{"rendered":"https:\/\/gaviaspreview.com\/wp\/krowd\/?page_id=610"},"modified":"2025-06-15T20:26:54","modified_gmt":"2025-06-15T18:26:54","slug":"contact","status":"publish","type":"page","link":"https:\/\/ales-mecenat.fr\/?page_id=610","title":{"rendered":"Nous Contacter"},"content":{"rendered":"\t\t<div data-elementor-type=\"wp-post\" data-elementor-id=\"610\" class=\"elementor elementor-610\" data-elementor-post-type=\"page\">\n\t\t\t\t\t\t<section class=\"elementor-section elementor-top-section elementor-element elementor-element-0baf9bc elementor-section-boxed elementor-section-height-default elementor-section-height-default\" data-id=\"0baf9bc\" data-element_type=\"section\">\n\t\t\t\t\t\t<div class=\"elementor-container elementor-column-gap-wider\">\n\t\t\t\t\t<div class=\"elementor-column elementor-col-50 elementor-top-column elementor-element elementor-element-933d560 column-style-top\" data-id=\"933d560\" data-element_type=\"column\">\n\t\t\t<div class=\"elementor-widget-wrap elementor-element-populated\">\n\t\t\t\t\t\t<div class=\"elementor-element elementor-element-6e2599a elementor-widget elementor-widget-gva-heading-block\" data-id=\"6e2599a\" data-element_type=\"widget\" data-widget_type=\"gva-heading-block.default\">\n\t\t\t\t<div class=\"elementor-widget-container\">\n\t\t\t\t\t<div class=\"gva-element-gva-heading-block gva-element\">   <div class=\"align-left style-1 widget gsc-heading box-align-left\">\r\n      <div class=\"content-inner\">\r\n         \r\n                  \r\n                     <div class=\"clearfix\"><div class=\"sub-title highlight-dot\"><span>Informations, Renseignements, \u2026<\/span><\/div><\/div>\r\n           \r\n         \r\n                     <h2 class=\"title\">\r\n               <span>Contacter Al\u00e8s M\u00e9c\u00e9nat<\/span>\r\n            <\/h2>\r\n                  \r\n         \r\n      <\/div>\r\n   <\/div>\r\n   <div class=\"clearfix\"><\/div>\r\n<\/div>\t\t\t\t<\/div>\n\t\t\t\t<\/div>\n\t\t\t\t<div class=\"elementor-element elementor-element-7f10 elementor-widget elementor-widget-gva-icon-box-styles\" data-id=\"7f10\" data-element_type=\"widget\" data-widget_type=\"gva-icon-box-styles.default\">\n\t\t\t\t<div class=\"elementor-widget-container\">\n\t\t\t\t\t<div class=\"gva-element-gva-icon-box-styles gva-element\">\r\n         <div class=\"widget gsc-icon-box-styles style-1\">\r\n         <div class=\"icon-box-inner\">\r\n            <div class=\"icon-box-left\">\r\n                                 <div class=\"icon-inner\">\r\n                                                           <a href=\"dssd\">\r\n                                      <span class=\"box-icon\">\r\n                                 <i aria-hidden=\"true\" class=\"fi flaticon-entrepreneur\"><\/i>                              <\/span>\r\n                           <\/a>                                          <\/div>\r\n                           <\/div>   \r\n            <div class=\"icon-box-right\">\r\n                                 <h3 class=\"title\">\r\n                             <a href=\"dssd\">\r\n                                Al\u00e8s M\u00e9c\u00e9nat                     <\/a>     \r\n                  <\/h3>\r\n                                                <div class=\"desc\">Contactez-nous pour tous types de contact ou pour tous renseignements.<\/div>\r\n                           <\/div>\r\n         <\/div> \r\n      <\/div>   \r\n   \r\n\r\n      \r\n\r\n\r\n<\/div>\t\t\t\t<\/div>\n\t\t\t\t<\/div>\n\t\t\t\t\t<\/div>\n\t\t<\/div>\n\t\t\t\t<div class=\"elementor-column elementor-col-50 elementor-top-column elementor-element elementor-element-a46074e column-style-top\" data-id=\"a46074e\" data-element_type=\"column\">\n\t\t\t<div class=\"elementor-widget-wrap elementor-element-populated\">\n\t\t\t\t\t\t<div class=\"elementor-element elementor-element-e999300 width-800 elementor-widget__width-initial elementor-widget elementor-widget-shortcode\" data-id=\"e999300\" data-element_type=\"widget\" data-widget_type=\"shortcode.default\">\n\t\t\t\t<div class=\"elementor-widget-container\">\n\t\t\t\t\t\t\t<div class=\"elementor-shortcode\">\n<div class=\"wpcf7 no-js\" id=\"wpcf7-f236-o1\" lang=\"en-US\" dir=\"ltr\" data-wpcf7-id=\"236\">\n<div class=\"screen-reader-response\"><p role=\"status\" aria-live=\"polite\" aria-atomic=\"true\"><\/p> <ul><\/ul><\/div>\n<form action=\"\/index.php?rest_route=%2Fwp%2Fv2%2Fpages%2F610#wpcf7-f236-o1\" method=\"post\" class=\"wpcf7-form init\" aria-label=\"Contact form\" novalidate=\"novalidate\" data-status=\"init\">\n<fieldset class=\"hidden-fields-container\"><input type=\"hidden\" name=\"_wpcf7\" value=\"236\" \/><input type=\"hidden\" name=\"_wpcf7_version\" value=\"6.1.4\" \/><input type=\"hidden\" name=\"_wpcf7_locale\" value=\"en_US\" \/><input type=\"hidden\" name=\"_wpcf7_unit_tag\" value=\"wpcf7-f236-o1\" \/><input type=\"hidden\" name=\"_wpcf7_container_post\" value=\"0\" \/><input type=\"hidden\" name=\"_wpcf7_posted_data_hash\" value=\"\" \/><input type=\"hidden\" name=\"_wpcf7_recaptcha_response\" value=\"\" \/>\n<\/fieldset>\n<div class=\"row\">\n   <div class=\"col-sm-6 col-xs-12\"><span class=\"wpcf7-form-control-wrap\" data-name=\"your-name\"><input size=\"40\" maxlength=\"400\" class=\"wpcf7-form-control wpcf7-text wpcf7-validates-as-required\" aria-required=\"true\" aria-invalid=\"false\" placeholder=\"Votre nom *\" value=\"\" type=\"text\" name=\"your-name\" \/><\/span> <\/div>\n   <div class=\"col-sm-6 col-xs-12\"><span class=\"wpcf7-form-control-wrap\" data-name=\"your-organization\"><input size=\"40\" maxlength=\"400\" class=\"wpcf7-form-control wpcf7-text\" aria-invalid=\"false\" placeholder=\"Votre structure\" value=\"\" type=\"text\" name=\"your-organization\" \/><\/span> <\/div>\n   <div class=\"col-sm-6 col-xs-12\"><span class=\"wpcf7-form-control-wrap\" data-name=\"your-email\"><input size=\"40\" maxlength=\"400\" class=\"wpcf7-form-control wpcf7-email wpcf7-validates-as-required wpcf7-text wpcf7-validates-as-email\" aria-required=\"true\" aria-invalid=\"false\" placeholder=\"Votre e-mail *\" value=\"\" type=\"email\" name=\"your-email\" \/><\/span> <\/div>\n   <div class=\"col-sm-6 col-xs-12\"><span class=\"wpcf7-form-control-wrap\" data-name=\"your-phone\"><input size=\"40\" maxlength=\"400\" class=\"wpcf7-form-control wpcf7-text wpcf7-validates-as-required\" aria-required=\"true\" aria-invalid=\"false\" placeholder=\"Votre t\u00e9l\u00e9phone *\" value=\"\" type=\"text\" name=\"your-phone\" \/><\/span> <\/div>\n<\/div>\n<div class=\"row\">\n   <div class=\"col-sm-12 col-xs-12\"><span class=\"wpcf7-form-control-wrap\" data-name=\"your-subject\"><input size=\"40\" maxlength=\"400\" class=\"wpcf7-form-control wpcf7-text\" aria-invalid=\"false\" placeholder=\"Objet\" value=\"\" type=\"text\" name=\"your-subject\" \/><\/span> <\/div>\n<\/div>\n<div class=\"row\">\n   <div class=\"col-sm-12 col-xs-12\"><span class=\"wpcf7-form-control-wrap\" data-name=\"your-message\"><textarea cols=\"40\" rows=\"10\" maxlength=\"2000\" class=\"wpcf7-form-control wpcf7-textarea\" aria-invalid=\"false\" placeholder=\"Votre message\" name=\"your-message\"><\/textarea><\/span> <\/div>\n   <div class=\"col-sm-12 col-xs-12 action text-left\"><span class=\"btn-theme-1 form-action\"><input class=\"wpcf7-form-control wpcf7-submit has-spinner\" type=\"submit\" value=\"Envoyer\" \/><\/span><\/div>\n<\/div><div class=\"wpcf7-response-output\" aria-hidden=\"true\"><\/div>\n<\/form>\n<\/div>\n<\/div>\n\t\t\t\t\t\t<\/div>\n\t\t\t\t<\/div>\n\t\t\t\t\t<\/div>\n\t\t<\/div>\n\t\t\t\t\t<\/div>\n\t\t<\/section>\n\t\t\t\t<\/div>\n\t\t","protected":false},"excerpt":{"rendered":"<p>Informations, Renseignements, \u2026 Contacter Al\u00e8s M\u00e9c\u00e9nat Al\u00e8s M\u00e9c\u00e9nat Contactez-nous pour tous types de contact ou pour tous renseignements.<\/p>\n","protected":false},"author":1,"featured_media":9738,"parent":0,"menu_order":0,"comment_status":"closed","ping_status":"closed","template":"","meta":{"footnotes":"","_links_to":"","_links_to_target":""},"class_list":["post-610","page","type-page","status-publish","has-post-thumbnail","hentry"],"yoast_head":"<!-- This site is optimized with the Yoast SEO plugin v26.9 - https:\/\/yoast.com\/product\/yoast-seo-wordpress\/ -->\n<title>Nous Contacter - Al\u00e8s M\u00e9c\u00e9nat<\/title>\n<meta name=\"robots\" content=\"index, follow, max-snippet:-1, max-image-preview:large, max-video-preview:-1\" \/>\n<link rel=\"canonical\" href=\"https:\/\/ales-mecenat.fr\/?page_id=610\" \/>\n<meta property=\"og:locale\" content=\"fr_FR\" \/>\n<meta property=\"og:type\" content=\"article\" \/>\n<meta property=\"og:title\" content=\"Nous Contacter - Al\u00e8s M\u00e9c\u00e9nat\" \/>\n<meta property=\"og:description\" content=\"Informations, Renseignements, \u2026 Contacter Al\u00e8s M\u00e9c\u00e9nat Al\u00e8s M\u00e9c\u00e9nat Contactez-nous pour tous types de contact ou pour tous renseignements.\" \/>\n<meta property=\"og:url\" content=\"https:\/\/ales-mecenat.fr\/?page_id=610\" \/>\n<meta property=\"og:site_name\" content=\"Al\u00e8s M\u00e9c\u00e9nat\" \/>\n<meta property=\"article:modified_time\" content=\"2025-06-15T18:26:54+00:00\" \/>\n<meta property=\"og:image\" content=\"https:\/\/ales-mecenat.fr\/wp-content\/uploads\/2016\/03\/1725099807920.jpg\" \/>\n\t<meta property=\"og:image:width\" content=\"1953\" \/>\n\t<meta property=\"og:image:height\" content=\"1080\" \/>\n\t<meta property=\"og:image:type\" content=\"image\/jpeg\" \/>\n<meta name=\"twitter:card\" content=\"summary_large_image\" \/>\n<meta name=\"twitter:label1\" content=\"Dur\u00e9e de lecture estim\u00e9e\" \/>\n\t<meta name=\"twitter:data1\" content=\"1 minute\" \/>\n<script type=\"application\/ld+json\" class=\"yoast-schema-graph\">{\"@context\":\"https:\/\/schema.org\",\"@graph\":[{\"@type\":\"WebPage\",\"@id\":\"https:\/\/ales-mecenat.fr\/?page_id=610\",\"url\":\"https:\/\/ales-mecenat.fr\/?page_id=610\",\"name\":\"Nous Contacter - Al\u00e8s M\u00e9c\u00e9nat\",\"isPartOf\":{\"@id\":\"https:\/\/ales-mecenat.fr\/#website\"},\"primaryImageOfPage\":{\"@id\":\"https:\/\/ales-mecenat.fr\/?page_id=610#primaryimage\"},\"image\":{\"@id\":\"https:\/\/ales-mecenat.fr\/?page_id=610#primaryimage\"},\"thumbnailUrl\":\"https:\/\/ales-mecenat.fr\/wp-content\/uploads\/2016\/03\/1725099807920.jpg\",\"datePublished\":\"2016-03-07T03:10:46+00:00\",\"dateModified\":\"2025-06-15T18:26:54+00:00\",\"breadcrumb\":{\"@id\":\"https:\/\/ales-mecenat.fr\/?page_id=610#breadcrumb\"},\"inLanguage\":\"fr-FR\",\"potentialAction\":[{\"@type\":\"ReadAction\",\"target\":[\"https:\/\/ales-mecenat.fr\/?page_id=610\"]}]},{\"@type\":\"ImageObject\",\"inLanguage\":\"fr-FR\",\"@id\":\"https:\/\/ales-mecenat.fr\/?page_id=610#primaryimage\",\"url\":\"https:\/\/ales-mecenat.fr\/wp-content\/uploads\/2016\/03\/1725099807920.jpg\",\"contentUrl\":\"https:\/\/ales-mecenat.fr\/wp-content\/uploads\/2016\/03\/1725099807920.jpg\",\"width\":1953,\"height\":1080},{\"@type\":\"BreadcrumbList\",\"@id\":\"https:\/\/ales-mecenat.fr\/?page_id=610#breadcrumb\",\"itemListElement\":[{\"@type\":\"ListItem\",\"position\":1,\"name\":\"Accueil\",\"item\":\"https:\/\/ales-mecenat.fr\/\"},{\"@type\":\"ListItem\",\"position\":2,\"name\":\"Nous Contacter\"}]},{\"@type\":\"WebSite\",\"@id\":\"https:\/\/ales-mecenat.fr\/#website\",\"url\":\"https:\/\/ales-mecenat.fr\/\",\"name\":\"Al\u00e8s M\u00e9c\u00e9nat\",\"description\":\"Fonds de Dotation d\u00e9di\u00e9 \u00e0 la Culture et au Sport sur le territoire d&#039;Al\u00e8s\",\"publisher\":{\"@id\":\"https:\/\/ales-mecenat.fr\/#organization\"},\"potentialAction\":[{\"@type\":\"SearchAction\",\"target\":{\"@type\":\"EntryPoint\",\"urlTemplate\":\"https:\/\/ales-mecenat.fr\/?s={search_term_string}\"},\"query-input\":{\"@type\":\"PropertyValueSpecification\",\"valueRequired\":true,\"valueName\":\"search_term_string\"}}],\"inLanguage\":\"fr-FR\"},{\"@type\":\"Organization\",\"@id\":\"https:\/\/ales-mecenat.fr\/#organization\",\"name\":\"Al\u00e8s M\u00e9c\u00e9nat\",\"url\":\"https:\/\/ales-mecenat.fr\/\",\"logo\":{\"@type\":\"ImageObject\",\"inLanguage\":\"fr-FR\",\"@id\":\"https:\/\/ales-mecenat.fr\/#\/schema\/logo\/image\/\",\"url\":\"https:\/\/ales-mecenat.fr\/wp-content\/uploads\/2025\/05\/logo-alesmecenat.svg\",\"contentUrl\":\"https:\/\/ales-mecenat.fr\/wp-content\/uploads\/2025\/05\/logo-alesmecenat.svg\",\"width\":309,\"height\":141,\"caption\":\"Al\u00e8s M\u00e9c\u00e9nat\"},\"image\":{\"@id\":\"https:\/\/ales-mecenat.fr\/#\/schema\/logo\/image\/\"}}]}<\/script>\n<!-- \/ Yoast SEO plugin. -->","yoast_head_json":{"title":"Nous Contacter - Al\u00e8s M\u00e9c\u00e9nat","robots":{"index":"index","follow":"follow","max-snippet":"max-snippet:-1","max-image-preview":"max-image-preview:large","max-video-preview":"max-video-preview:-1"},"canonical":"https:\/\/ales-mecenat.fr\/?page_id=610","og_locale":"fr_FR","og_type":"article","og_title":"Nous Contacter - Al\u00e8s M\u00e9c\u00e9nat","og_description":"Informations, Renseignements, \u2026 Contacter Al\u00e8s M\u00e9c\u00e9nat Al\u00e8s M\u00e9c\u00e9nat Contactez-nous pour tous types de contact ou pour tous renseignements.","og_url":"https:\/\/ales-mecenat.fr\/?page_id=610","og_site_name":"Al\u00e8s M\u00e9c\u00e9nat","article_modified_time":"2025-06-15T18:26:54+00:00","og_image":[{"width":1953,"height":1080,"url":"https:\/\/ales-mecenat.fr\/wp-content\/uploads\/2016\/03\/1725099807920.jpg","type":"image\/jpeg"}],"twitter_card":"summary_large_image","twitter_misc":{"Dur\u00e9e de lecture estim\u00e9e":"1 minute"},"schema":{"@context":"https:\/\/schema.org","@graph":[{"@type":"WebPage","@id":"https:\/\/ales-mecenat.fr\/?page_id=610","url":"https:\/\/ales-mecenat.fr\/?page_id=610","name":"Nous Contacter - Al\u00e8s M\u00e9c\u00e9nat","isPartOf":{"@id":"https:\/\/ales-mecenat.fr\/#website"},"primaryImageOfPage":{"@id":"https:\/\/ales-mecenat.fr\/?page_id=610#primaryimage"},"image":{"@id":"https:\/\/ales-mecenat.fr\/?page_id=610#primaryimage"},"thumbnailUrl":"https:\/\/ales-mecenat.fr\/wp-content\/uploads\/2016\/03\/1725099807920.jpg","datePublished":"2016-03-07T03:10:46+00:00","dateModified":"2025-06-15T18:26:54+00:00","breadcrumb":{"@id":"https:\/\/ales-mecenat.fr\/?page_id=610#breadcrumb"},"inLanguage":"fr-FR","potentialAction":[{"@type":"ReadAction","target":["https:\/\/ales-mecenat.fr\/?page_id=610"]}]},{"@type":"ImageObject","inLanguage":"fr-FR","@id":"https:\/\/ales-mecenat.fr\/?page_id=610#primaryimage","url":"https:\/\/ales-mecenat.fr\/wp-content\/uploads\/2016\/03\/1725099807920.jpg","contentUrl":"https:\/\/ales-mecenat.fr\/wp-content\/uploads\/2016\/03\/1725099807920.jpg","width":1953,"height":1080},{"@type":"BreadcrumbList","@id":"https:\/\/ales-mecenat.fr\/?page_id=610#breadcrumb","itemListElement":[{"@type":"ListItem","position":1,"name":"Accueil","item":"https:\/\/ales-mecenat.fr\/"},{"@type":"ListItem","position":2,"name":"Nous Contacter"}]},{"@type":"WebSite","@id":"https:\/\/ales-mecenat.fr\/#website","url":"https:\/\/ales-mecenat.fr\/","name":"Al\u00e8s M\u00e9c\u00e9nat","description":"Fonds de Dotation d\u00e9di\u00e9 \u00e0 la Culture et au Sport sur le territoire d&#039;Al\u00e8s","publisher":{"@id":"https:\/\/ales-mecenat.fr\/#organization"},"potentialAction":[{"@type":"SearchAction","target":{"@type":"EntryPoint","urlTemplate":"https:\/\/ales-mecenat.fr\/?s={search_term_string}"},"query-input":{"@type":"PropertyValueSpecification","valueRequired":true,"valueName":"search_term_string"}}],"inLanguage":"fr-FR"},{"@type":"Organization","@id":"https:\/\/ales-mecenat.fr\/#organization","name":"Al\u00e8s M\u00e9c\u00e9nat","url":"https:\/\/ales-mecenat.fr\/","logo":{"@type":"ImageObject","inLanguage":"fr-FR","@id":"https:\/\/ales-mecenat.fr\/#\/schema\/logo\/image\/","url":"https:\/\/ales-mecenat.fr\/wp-content\/uploads\/2025\/05\/logo-alesmecenat.svg","contentUrl":"https:\/\/ales-mecenat.fr\/wp-content\/uploads\/2025\/05\/logo-alesmecenat.svg","width":309,"height":141,"caption":"Al\u00e8s M\u00e9c\u00e9nat"},"image":{"@id":"https:\/\/ales-mecenat.fr\/#\/schema\/logo\/image\/"}}]}},"wpcf_dashboard":"<div class=\"woocommerce\"><div class=\"woocommerce-info\">Veuillez d\u2019abord vous identifier\u00a0? <a class=\"wpneoShowLogin\" href=\"#\">Cliquez ici pour vous identifier<\/a><\/div><div class=\"wpneo_login_form_div\" style=\"display: none;\"><form name=\"loginform\" id=\"loginform\" action=\"https:\/\/ales-mecenat.fr\/wp-login.php\" method=\"post\"><p class=\"login-username\">\n\t\t\t\t<label for=\"user_login\">Identifiant ou adresse e-mail<\/label>\n\t\t\t\t<input type=\"text\" name=\"log\" id=\"user_login\" autocomplete=\"username\" class=\"input\" value=\"\" size=\"20\" \/>\n\t\t\t<\/p><p class=\"login-password\">\n\t\t\t\t<label for=\"user_pass\">Mot de passe<\/label>\n\t\t\t\t<input type=\"password\" name=\"pwd\" id=\"user_pass\" autocomplete=\"current-password\" spellcheck=\"false\" class=\"input\" value=\"\" size=\"20\" \/>\n\t\t\t<\/p><p class=\"login-remember\"><label><input name=\"rememberme\" type=\"checkbox\" id=\"rememberme\" value=\"forever\" \/> Se souvenir de moi<\/label><\/p><p class=\"login-submit\">\n\t\t\t\t<input type=\"submit\" name=\"wp-submit\" id=\"wp-submit\" class=\"button button-primary\" value=\"Se connecter\" \/>\n\t\t\t\t<input type=\"hidden\" name=\"redirect_to\" value=\"https:\/\/ales-mecenat.fr\/index.php?rest_route=%2Fwp%2Fv2%2Fpages%2F610\" \/>\n\t\t\t<\/p><\/form><\/div><\/div>","_links":{"self":[{"href":"https:\/\/ales-mecenat.fr\/index.php?rest_route=\/wp\/v2\/pages\/610","targetHints":{"allow":["GET"]}}],"collection":[{"href":"https:\/\/ales-mecenat.fr\/index.php?rest_route=\/wp\/v2\/pages"}],"about":[{"href":"https:\/\/ales-mecenat.fr\/index.php?rest_route=\/wp\/v2\/types\/page"}],"author":[{"embeddable":true,"href":"https:\/\/ales-mecenat.fr\/index.php?rest_route=\/wp\/v2\/users\/1"}],"replies":[{"embeddable":true,"href":"https:\/\/ales-mecenat.fr\/index.php?rest_route=%2Fwp%2Fv2%2Fcomments&post=610"}],"version-history":[{"count":17,"href":"https:\/\/ales-mecenat.fr\/index.php?rest_route=\/wp\/v2\/pages\/610\/revisions"}],"predecessor-version":[{"id":10810,"href":"https:\/\/ales-mecenat.fr\/index.php?rest_route=\/wp\/v2\/pages\/610\/revisions\/10810"}],"wp:featuredmedia":[{"embeddable":true,"href":"https:\/\/ales-mecenat.fr\/index.php?rest_route=\/wp\/v2\/media\/9738"}],"wp:attachment":[{"href":"https:\/\/ales-mecenat.fr\/index.php?rest_route=%2Fwp%2Fv2%2Fmedia&parent=610"}],"curies":[{"name":"wp","href":"https:\/\/api.w.org\/{rel}","templated":true}]}}