{"id":10383,"date":"2025-05-09T07:57:26","date_gmt":"2025-05-09T05:57:26","guid":{"rendered":"https:\/\/alsmcnt.agartaworld.com\/?page_id=10383"},"modified":"2025-06-17T16:38:08","modified_gmt":"2025-06-17T14:38:08","slug":"mecenat","status":"publish","type":"page","link":"https:\/\/ales-mecenat.fr\/?page_id=10383","title":{"rendered":"M\u00e9c\u00e9nat"},"content":{"rendered":"\t\t<div data-elementor-type=\"wp-post\" data-elementor-id=\"10383\" class=\"elementor elementor-10383\" data-elementor-post-type=\"page\">\n\t\t\t\t\t\t<section class=\"elementor-section elementor-top-section elementor-element elementor-element-378af51 elementor-section-boxed elementor-section-height-default elementor-section-height-default\" data-id=\"378af51\" data-element_type=\"section\">\n\t\t\t\t\t\t<div class=\"elementor-container elementor-column-gap-default\">\n\t\t\t\t\t<div class=\"elementor-column elementor-col-100 elementor-top-column elementor-element elementor-element-114522c column-style-top\" data-id=\"114522c\" data-element_type=\"column\">\n\t\t\t<div class=\"elementor-widget-wrap elementor-element-populated\">\n\t\t\t\t\t\t<div class=\"elementor-element elementor-element-6842494 elementor-widget elementor-widget-gva-heading-block\" data-id=\"6842494\" data-element_type=\"widget\" data-widget_type=\"gva-heading-block.default\">\n\t\t\t\t<div class=\"elementor-widget-container\">\n\t\t\t\t\t<div class=\"gva-element-gva-heading-block gva-element\">   <div class=\"align-center style-1 widget gsc-heading box-align-left\">\r\n      <div class=\"content-inner\">\r\n         \r\n                  \r\n           \r\n         \r\n                     <h2 class=\"title\">\r\n               <span>Le m\u00e9c\u00e9nat, c'est quoi ?<\/span>\r\n            <\/h2>\r\n                  \r\n         \r\n      <\/div>\r\n   <\/div>\r\n   <div class=\"clearfix\"><\/div>\r\n<\/div>\t\t\t\t<\/div>\n\t\t\t\t<\/div>\n\t\t\t\t<section class=\"elementor-section elementor-inner-section elementor-element elementor-element-1ea1825 elementor-section-full_width elementor-section-height-default elementor-section-height-default\" data-id=\"1ea1825\" data-element_type=\"section\">\n\t\t\t\t\t\t<div class=\"elementor-container elementor-column-gap-wide\">\n\t\t\t\t\t<div class=\"elementor-column elementor-col-50 elementor-inner-column elementor-element elementor-element-2950ab8 column-style-top\" data-id=\"2950ab8\" data-element_type=\"column\">\n\t\t\t<div class=\"elementor-widget-wrap elementor-element-populated\">\n\t\t\t\t\t\t<div class=\"elementor-element elementor-element-c782e17 elementor-widget elementor-widget-text-editor\" data-id=\"c782e17\" data-element_type=\"widget\" data-widget_type=\"text-editor.default\">\n\t\t\t\t<div class=\"elementor-widget-container\">\n\t\t\t\t\t\t\t\t\t<p>Le Minist\u00e8re de la Sant\u00e9, de la Jeunesse, des Sports et de la Vie associative d\u00e9crit le m\u00e9c\u00e9nat comme \u00ab un soutien mat\u00e9riel apport\u00e9 sans contrepartie directe de la part du b\u00e9n\u00e9ficiaire \u00e0 une \u0153uvre ou \u00e0 une personne pour l\u2019exercice d\u2019activit\u00e9s pr\u00e9sentant un int\u00e9r\u00eat g\u00e9n\u00e9ral \u00bb, s\u2019\u00e9tendant \u00e0 divers champs dont la culture, le sport, la solidarit\u00e9, l\u2019environnement.<\/p><p>Souvent associ\u00e9 au parrainage, le m\u00e9c\u00e9nat s\u2019en distingue sous un angle essentiel : celui de la contrepartie. En effet, le m\u00e9c\u00e8ne ne recherche pas de contrepartie (sauf \u00e9ventuellement la citation de son nom) quand le parrain s\u2019engage avec le b\u00e9n\u00e9ficiaire dans une op\u00e9ration de nature commerciale en vue d\u2019en retirer un b\u00e9n\u00e9fice direct.<\/p>\t\t\t\t\t\t\t\t<\/div>\n\t\t\t\t<\/div>\n\t\t\t\t\t<\/div>\n\t\t<\/div>\n\t\t\t\t<div class=\"elementor-column elementor-col-50 elementor-inner-column elementor-element elementor-element-b8bb7a3 column-style-top\" data-id=\"b8bb7a3\" data-element_type=\"column\">\n\t\t\t<div class=\"elementor-widget-wrap elementor-element-populated\">\n\t\t\t\t\t\t<div class=\"elementor-element elementor-element-35855d3 elementor-widget elementor-widget-text-editor\" data-id=\"35855d3\" data-element_type=\"widget\" data-widget_type=\"text-editor.default\">\n\t\t\t\t<div class=\"elementor-widget-container\">\n\t\t\t\t\t\t\t\t\t<p>Pour autant, pour l\u2019entreprise, le m\u00e9c\u00e9nat reste une opportunit\u00e9 : il offre la possibilit\u00e9 d\u2019\u00eatre reconnu comme un interlocuteur \u00e0 part enti\u00e8re de son territoire d\u2019implantation. En s\u2019engageant concr\u00e8tement dans des projets locaux (ou plus largement citoyens), le m\u00e9c\u00e8ne s\u2019affirme comme un acteur social et responsable, tout en contribuant \u00e0 renforcer l\u2019attractivit\u00e9 \u00e9conomique de son territoire.<\/p><p>Au-del\u00e0 de l\u2019aspect de l\u2019image, le m\u00e9c\u00e9nat est aussi un excellent pr\u00e9texte pour l\u2019entrepreneur de rencontrer ses interlocuteurs habituels dans un contexte diff\u00e9rent et riche d\u2019\u00e9changes, tout en \u00e9largissant son r\u00e9seau.<\/p><div class=\"wpb_column vc_column_container col-sm-4 col-lg-4\"><div class=\"vc_column-inner\"><div class=\"wpb_wrapper\">\u00a0<\/div><\/div><\/div>\t\t\t\t\t\t\t\t<\/div>\n\t\t\t\t<\/div>\n\t\t\t\t\t<\/div>\n\t\t<\/div>\n\t\t\t\t\t<\/div>\n\t\t<\/section>\n\t\t\t\t\t<\/div>\n\t\t<\/div>\n\t\t\t\t\t<\/div>\n\t\t<\/section>\n\t\t\t\t<section class=\"elementor-section elementor-top-section elementor-element elementor-element-5950943 elementor-section-boxed elementor-section-height-default elementor-section-height-default\" data-id=\"5950943\" data-element_type=\"section\">\n\t\t\t\t\t\t<div class=\"elementor-container elementor-column-gap-default\">\n\t\t\t\t\t<div class=\"elementor-column elementor-col-100 elementor-top-column elementor-element elementor-element-f6ce7c3 column-style-top\" data-id=\"f6ce7c3\" data-element_type=\"column\">\n\t\t\t<div class=\"elementor-widget-wrap elementor-element-populated\">\n\t\t\t\t\t\t<div class=\"elementor-element elementor-element-f9d098a elementor-widget elementor-widget-gva-heading-block\" data-id=\"f9d098a\" data-element_type=\"widget\" data-widget_type=\"gva-heading-block.default\">\n\t\t\t\t<div class=\"elementor-widget-container\">\n\t\t\t\t\t<div class=\"gva-element-gva-heading-block gva-element\">   <div class=\"align-center style-1 widget gsc-heading box-align-left\">\r\n      <div class=\"content-inner\">\r\n         \r\n                  \r\n                     <div class=\"clearfix\"><div class=\"sub-title highlight-dot\"><span>Vous souhaitez devenir M\u00e9c\u00e8ne ?<\/span><\/div><\/div>\r\n           \r\n         \r\n                     <h2 class=\"title\">\r\n               <span>Rejoignez Al\u00e8s M\u00e9c\u00e9nat<\/span>\r\n            <\/h2>\r\n                  \r\n         \r\n      <\/div>\r\n   <\/div>\r\n   <div class=\"clearfix\"><\/div>\r\n<\/div>\t\t\t\t<\/div>\n\t\t\t\t<\/div>\n\t\t\t\t<div class=\"elementor-element elementor-element-ab81855 width-800 elementor-widget__width-initial elementor-widget elementor-widget-shortcode\" data-id=\"ab81855\" data-element_type=\"widget\" data-widget_type=\"shortcode.default\">\n\t\t\t\t<div class=\"elementor-widget-container\">\n\t\t\t\t\t\t\t<div class=\"elementor-shortcode\">\n<div class=\"wpcf7 no-js\" id=\"wpcf7-f236-o1\" lang=\"en-US\" dir=\"ltr\" data-wpcf7-id=\"236\">\n<div class=\"screen-reader-response\"><p role=\"status\" aria-live=\"polite\" aria-atomic=\"true\"><\/p> <ul><\/ul><\/div>\n<form action=\"\/index.php?rest_route=%2Fwp%2Fv2%2Fpages%2F10383#wpcf7-f236-o1\" method=\"post\" class=\"wpcf7-form init\" aria-label=\"Contact form\" novalidate=\"novalidate\" data-status=\"init\">\n<fieldset class=\"hidden-fields-container\"><input type=\"hidden\" name=\"_wpcf7\" value=\"236\" \/><input type=\"hidden\" name=\"_wpcf7_version\" value=\"6.1.4\" \/><input type=\"hidden\" name=\"_wpcf7_locale\" value=\"en_US\" \/><input type=\"hidden\" name=\"_wpcf7_unit_tag\" value=\"wpcf7-f236-o1\" \/><input type=\"hidden\" name=\"_wpcf7_container_post\" value=\"0\" \/><input type=\"hidden\" name=\"_wpcf7_posted_data_hash\" value=\"\" \/><input type=\"hidden\" name=\"_wpcf7_recaptcha_response\" value=\"\" \/>\n<\/fieldset>\n<div class=\"row\">\n   <div class=\"col-sm-6 col-xs-12\"><span class=\"wpcf7-form-control-wrap\" data-name=\"your-name\"><input size=\"40\" maxlength=\"400\" class=\"wpcf7-form-control wpcf7-text wpcf7-validates-as-required\" aria-required=\"true\" aria-invalid=\"false\" placeholder=\"Votre nom *\" value=\"\" type=\"text\" name=\"your-name\" \/><\/span> <\/div>\n   <div class=\"col-sm-6 col-xs-12\"><span class=\"wpcf7-form-control-wrap\" data-name=\"your-organization\"><input size=\"40\" maxlength=\"400\" class=\"wpcf7-form-control wpcf7-text\" aria-invalid=\"false\" placeholder=\"Votre structure\" value=\"\" type=\"text\" name=\"your-organization\" \/><\/span> <\/div>\n   <div class=\"col-sm-6 col-xs-12\"><span class=\"wpcf7-form-control-wrap\" data-name=\"your-email\"><input size=\"40\" maxlength=\"400\" class=\"wpcf7-form-control wpcf7-email wpcf7-validates-as-required wpcf7-text wpcf7-validates-as-email\" aria-required=\"true\" aria-invalid=\"false\" placeholder=\"Votre e-mail *\" value=\"\" type=\"email\" name=\"your-email\" \/><\/span> <\/div>\n   <div class=\"col-sm-6 col-xs-12\"><span class=\"wpcf7-form-control-wrap\" data-name=\"your-phone\"><input size=\"40\" maxlength=\"400\" class=\"wpcf7-form-control wpcf7-text wpcf7-validates-as-required\" aria-required=\"true\" aria-invalid=\"false\" placeholder=\"Votre t\u00e9l\u00e9phone *\" value=\"\" type=\"text\" name=\"your-phone\" \/><\/span> <\/div>\n<\/div>\n<div class=\"row\">\n   <div class=\"col-sm-12 col-xs-12\"><span class=\"wpcf7-form-control-wrap\" data-name=\"your-subject\"><input size=\"40\" maxlength=\"400\" class=\"wpcf7-form-control wpcf7-text\" aria-invalid=\"false\" placeholder=\"Objet\" value=\"\" type=\"text\" name=\"your-subject\" \/><\/span> <\/div>\n<\/div>\n<div class=\"row\">\n   <div class=\"col-sm-12 col-xs-12\"><span class=\"wpcf7-form-control-wrap\" data-name=\"your-message\"><textarea cols=\"40\" rows=\"10\" maxlength=\"2000\" class=\"wpcf7-form-control wpcf7-textarea\" aria-invalid=\"false\" placeholder=\"Votre message\" name=\"your-message\"><\/textarea><\/span> <\/div>\n   <div class=\"col-sm-12 col-xs-12 action text-left\"><span class=\"btn-theme-1 form-action\"><input class=\"wpcf7-form-control wpcf7-submit has-spinner\" type=\"submit\" value=\"Envoyer\" \/><\/span><\/div>\n<\/div><div class=\"wpcf7-response-output\" aria-hidden=\"true\"><\/div>\n<\/form>\n<\/div>\n<\/div>\n\t\t\t\t\t\t<\/div>\n\t\t\t\t<\/div>\n\t\t\t\t\t<\/div>\n\t\t<\/div>\n\t\t\t\t\t<\/div>\n\t\t<\/section>\n\t\t\t\t<\/div>\n\t\t","protected":false},"excerpt":{"rendered":"<p>Le m\u00e9c\u00e9nat, c&rsquo;est quoi ? Le Minist\u00e8re de la Sant\u00e9, de la Jeunesse, des Sports et de la Vie associative d\u00e9crit le m\u00e9c\u00e9nat comme \u00ab un soutien mat\u00e9riel apport\u00e9 sans [&hellip;]<\/p>\n","protected":false},"author":1,"featured_media":0,"parent":0,"menu_order":0,"comment_status":"closed","ping_status":"closed","template":"","meta":{"footnotes":"","_links_to":"","_links_to_target":""},"class_list":["post-10383","page","type-page","status-publish","hentry"],"yoast_head":"<!-- This site is optimized with the Yoast SEO plugin v26.9 - https:\/\/yoast.com\/product\/yoast-seo-wordpress\/ -->\n<title>M\u00e9c\u00e9nat - Al\u00e8s M\u00e9c\u00e9nat<\/title>\n<meta name=\"robots\" content=\"index, follow, max-snippet:-1, max-image-preview:large, max-video-preview:-1\" \/>\n<link rel=\"canonical\" href=\"https:\/\/ales-mecenat.fr\/?page_id=10383\" \/>\n<meta property=\"og:locale\" content=\"fr_FR\" \/>\n<meta property=\"og:type\" content=\"article\" \/>\n<meta property=\"og:title\" content=\"M\u00e9c\u00e9nat - Al\u00e8s M\u00e9c\u00e9nat\" \/>\n<meta property=\"og:description\" content=\"Le m\u00e9c\u00e9nat, c&rsquo;est quoi ? Le Minist\u00e8re de la Sant\u00e9, de la Jeunesse, des Sports et de la Vie associative d\u00e9crit le m\u00e9c\u00e9nat comme \u00ab un soutien mat\u00e9riel apport\u00e9 sans [&hellip;]\" \/>\n<meta property=\"og:url\" content=\"https:\/\/ales-mecenat.fr\/?page_id=10383\" \/>\n<meta property=\"og:site_name\" content=\"Al\u00e8s M\u00e9c\u00e9nat\" \/>\n<meta property=\"article:modified_time\" content=\"2025-06-17T14:38:08+00:00\" \/>\n<meta name=\"twitter:card\" content=\"summary_large_image\" \/>\n<meta name=\"twitter:label1\" content=\"Dur\u00e9e de lecture estim\u00e9e\" \/>\n\t<meta name=\"twitter:data1\" content=\"2 minutes\" \/>\n<script type=\"application\/ld+json\" class=\"yoast-schema-graph\">{\"@context\":\"https:\/\/schema.org\",\"@graph\":[{\"@type\":\"WebPage\",\"@id\":\"https:\/\/ales-mecenat.fr\/?page_id=10383\",\"url\":\"https:\/\/ales-mecenat.fr\/?page_id=10383\",\"name\":\"M\u00e9c\u00e9nat - Al\u00e8s M\u00e9c\u00e9nat\",\"isPartOf\":{\"@id\":\"https:\/\/ales-mecenat.fr\/#website\"},\"datePublished\":\"2025-05-09T05:57:26+00:00\",\"dateModified\":\"2025-06-17T14:38:08+00:00\",\"breadcrumb\":{\"@id\":\"https:\/\/ales-mecenat.fr\/?page_id=10383#breadcrumb\"},\"inLanguage\":\"fr-FR\",\"potentialAction\":[{\"@type\":\"ReadAction\",\"target\":[\"https:\/\/ales-mecenat.fr\/?page_id=10383\"]}]},{\"@type\":\"BreadcrumbList\",\"@id\":\"https:\/\/ales-mecenat.fr\/?page_id=10383#breadcrumb\",\"itemListElement\":[{\"@type\":\"ListItem\",\"position\":1,\"name\":\"Accueil\",\"item\":\"https:\/\/ales-mecenat.fr\/\"},{\"@type\":\"ListItem\",\"position\":2,\"name\":\"M\u00e9c\u00e9nat\"}]},{\"@type\":\"WebSite\",\"@id\":\"https:\/\/ales-mecenat.fr\/#website\",\"url\":\"https:\/\/ales-mecenat.fr\/\",\"name\":\"Al\u00e8s M\u00e9c\u00e9nat\",\"description\":\"Fonds de Dotation d\u00e9di\u00e9 \u00e0 la Culture et au Sport sur le territoire d&#039;Al\u00e8s\",\"publisher\":{\"@id\":\"https:\/\/ales-mecenat.fr\/#organization\"},\"potentialAction\":[{\"@type\":\"SearchAction\",\"target\":{\"@type\":\"EntryPoint\",\"urlTemplate\":\"https:\/\/ales-mecenat.fr\/?s={search_term_string}\"},\"query-input\":{\"@type\":\"PropertyValueSpecification\",\"valueRequired\":true,\"valueName\":\"search_term_string\"}}],\"inLanguage\":\"fr-FR\"},{\"@type\":\"Organization\",\"@id\":\"https:\/\/ales-mecenat.fr\/#organization\",\"name\":\"Al\u00e8s M\u00e9c\u00e9nat\",\"url\":\"https:\/\/ales-mecenat.fr\/\",\"logo\":{\"@type\":\"ImageObject\",\"inLanguage\":\"fr-FR\",\"@id\":\"https:\/\/ales-mecenat.fr\/#\/schema\/logo\/image\/\",\"url\":\"https:\/\/ales-mecenat.fr\/wp-content\/uploads\/2025\/05\/logo-alesmecenat.svg\",\"contentUrl\":\"https:\/\/ales-mecenat.fr\/wp-content\/uploads\/2025\/05\/logo-alesmecenat.svg\",\"width\":309,\"height\":141,\"caption\":\"Al\u00e8s M\u00e9c\u00e9nat\"},\"image\":{\"@id\":\"https:\/\/ales-mecenat.fr\/#\/schema\/logo\/image\/\"}}]}<\/script>\n<!-- \/ Yoast SEO plugin. -->","yoast_head_json":{"title":"M\u00e9c\u00e9nat - Al\u00e8s M\u00e9c\u00e9nat","robots":{"index":"index","follow":"follow","max-snippet":"max-snippet:-1","max-image-preview":"max-image-preview:large","max-video-preview":"max-video-preview:-1"},"canonical":"https:\/\/ales-mecenat.fr\/?page_id=10383","og_locale":"fr_FR","og_type":"article","og_title":"M\u00e9c\u00e9nat - Al\u00e8s M\u00e9c\u00e9nat","og_description":"Le m\u00e9c\u00e9nat, c&rsquo;est quoi ? Le Minist\u00e8re de la Sant\u00e9, de la Jeunesse, des Sports et de la Vie associative d\u00e9crit le m\u00e9c\u00e9nat comme \u00ab un soutien mat\u00e9riel apport\u00e9 sans [&hellip;]","og_url":"https:\/\/ales-mecenat.fr\/?page_id=10383","og_site_name":"Al\u00e8s M\u00e9c\u00e9nat","article_modified_time":"2025-06-17T14:38:08+00:00","twitter_card":"summary_large_image","twitter_misc":{"Dur\u00e9e de lecture estim\u00e9e":"2 minutes"},"schema":{"@context":"https:\/\/schema.org","@graph":[{"@type":"WebPage","@id":"https:\/\/ales-mecenat.fr\/?page_id=10383","url":"https:\/\/ales-mecenat.fr\/?page_id=10383","name":"M\u00e9c\u00e9nat - Al\u00e8s M\u00e9c\u00e9nat","isPartOf":{"@id":"https:\/\/ales-mecenat.fr\/#website"},"datePublished":"2025-05-09T05:57:26+00:00","dateModified":"2025-06-17T14:38:08+00:00","breadcrumb":{"@id":"https:\/\/ales-mecenat.fr\/?page_id=10383#breadcrumb"},"inLanguage":"fr-FR","potentialAction":[{"@type":"ReadAction","target":["https:\/\/ales-mecenat.fr\/?page_id=10383"]}]},{"@type":"BreadcrumbList","@id":"https:\/\/ales-mecenat.fr\/?page_id=10383#breadcrumb","itemListElement":[{"@type":"ListItem","position":1,"name":"Accueil","item":"https:\/\/ales-mecenat.fr\/"},{"@type":"ListItem","position":2,"name":"M\u00e9c\u00e9nat"}]},{"@type":"WebSite","@id":"https:\/\/ales-mecenat.fr\/#website","url":"https:\/\/ales-mecenat.fr\/","name":"Al\u00e8s M\u00e9c\u00e9nat","description":"Fonds de Dotation d\u00e9di\u00e9 \u00e0 la Culture et au Sport sur le territoire d&#039;Al\u00e8s","publisher":{"@id":"https:\/\/ales-mecenat.fr\/#organization"},"potentialAction":[{"@type":"SearchAction","target":{"@type":"EntryPoint","urlTemplate":"https:\/\/ales-mecenat.fr\/?s={search_term_string}"},"query-input":{"@type":"PropertyValueSpecification","valueRequired":true,"valueName":"search_term_string"}}],"inLanguage":"fr-FR"},{"@type":"Organization","@id":"https:\/\/ales-mecenat.fr\/#organization","name":"Al\u00e8s M\u00e9c\u00e9nat","url":"https:\/\/ales-mecenat.fr\/","logo":{"@type":"ImageObject","inLanguage":"fr-FR","@id":"https:\/\/ales-mecenat.fr\/#\/schema\/logo\/image\/","url":"https:\/\/ales-mecenat.fr\/wp-content\/uploads\/2025\/05\/logo-alesmecenat.svg","contentUrl":"https:\/\/ales-mecenat.fr\/wp-content\/uploads\/2025\/05\/logo-alesmecenat.svg","width":309,"height":141,"caption":"Al\u00e8s M\u00e9c\u00e9nat"},"image":{"@id":"https:\/\/ales-mecenat.fr\/#\/schema\/logo\/image\/"}}]}},"wpcf_dashboard":"<div class=\"woocommerce\"><div class=\"woocommerce-info\">Veuillez d\u2019abord vous identifier\u00a0? <a class=\"wpneoShowLogin\" href=\"#\">Cliquez ici pour vous identifier<\/a><\/div><div class=\"wpneo_login_form_div\" style=\"display: none;\"><form name=\"loginform\" id=\"loginform\" action=\"https:\/\/ales-mecenat.fr\/wp-login.php\" method=\"post\"><p class=\"login-username\">\n\t\t\t\t<label for=\"user_login\">Identifiant ou adresse e-mail<\/label>\n\t\t\t\t<input type=\"text\" name=\"log\" id=\"user_login\" autocomplete=\"username\" class=\"input\" value=\"\" size=\"20\" \/>\n\t\t\t<\/p><p class=\"login-password\">\n\t\t\t\t<label for=\"user_pass\">Mot de passe<\/label>\n\t\t\t\t<input type=\"password\" name=\"pwd\" id=\"user_pass\" autocomplete=\"current-password\" spellcheck=\"false\" class=\"input\" value=\"\" size=\"20\" \/>\n\t\t\t<\/p><p class=\"login-remember\"><label><input name=\"rememberme\" type=\"checkbox\" id=\"rememberme\" value=\"forever\" \/> Se souvenir de moi<\/label><\/p><p class=\"login-submit\">\n\t\t\t\t<input type=\"submit\" name=\"wp-submit\" id=\"wp-submit\" class=\"button button-primary\" value=\"Se connecter\" \/>\n\t\t\t\t<input type=\"hidden\" name=\"redirect_to\" value=\"https:\/\/ales-mecenat.fr\/index.php?rest_route=%2Fwp%2Fv2%2Fpages%2F10383\" \/>\n\t\t\t<\/p><\/form><\/div><\/div>","_links":{"self":[{"href":"https:\/\/ales-mecenat.fr\/index.php?rest_route=\/wp\/v2\/pages\/10383","targetHints":{"allow":["GET"]}}],"collection":[{"href":"https:\/\/ales-mecenat.fr\/index.php?rest_route=\/wp\/v2\/pages"}],"about":[{"href":"https:\/\/ales-mecenat.fr\/index.php?rest_route=\/wp\/v2\/types\/page"}],"author":[{"embeddable":true,"href":"https:\/\/ales-mecenat.fr\/index.php?rest_route=\/wp\/v2\/users\/1"}],"replies":[{"embeddable":true,"href":"https:\/\/ales-mecenat.fr\/index.php?rest_route=%2Fwp%2Fv2%2Fcomments&post=10383"}],"version-history":[{"count":10,"href":"https:\/\/ales-mecenat.fr\/index.php?rest_route=\/wp\/v2\/pages\/10383\/revisions"}],"predecessor-version":[{"id":10813,"href":"https:\/\/ales-mecenat.fr\/index.php?rest_route=\/wp\/v2\/pages\/10383\/revisions\/10813"}],"wp:attachment":[{"href":"https:\/\/ales-mecenat.fr\/index.php?rest_route=%2Fwp%2Fv2%2Fmedia&parent=10383"}],"curies":[{"name":"wp","href":"https:\/\/api.w.org\/{rel}","templated":true}]}}